?
65
Let y(s) = -2*s**3 + 61*s**2 + 36*s - 147. Calculate y(31).
8
Let i(m) = -3*m**3 - 236*m**2 - 370*m + 1155. Calculate i(-77).
0
Let j(c) = -c**3 + 2*c**2 + 2*c + 320. What is j(0)?
320
Let b(d) = -d**2 + 1361*d - 8144. Determine b(6).
-14
Let q(a) = 1134*a + 6802. Calculate q(-6).
-2
Let h(k) = -k**3 + 13*k**2 + 2*k - 22. Calculate h(12).
146
Let q(a) = -a**3 + 12*a**2 - 10*a - 174. Calculate q(7).
1
Let g(i) = -i**2 - 60*i + 210. What is g(-66)?
-186
Let m(t) = -t**3 - 60*t**2 - 373*t - 102. Give m(-53).
4
Let z(k) = -194*k - 96. Give z(-2).
292
Let n(l) = l**2 + 469*l - 4308. Determine n(9).
-6
Let r(y) = -2*y**2 - 94*y - 789. Calculate r(-11).
3
Let m(a) = -55*a**2 + 139*a - 273. Give m(2).
-215
Let x(s) = -70*s - 1168. What is x(-16)?
-48
Let t(r) = -r**3 + 13*r**2 - 2*r + 3. Determine t(13).
-23
Let f(r) = -4*r**3 - 63*r**2 + 16*r - 14. What is f(-16)?
-14
Let z(x) = 22*x - 2229. Determine z(89).
-271
Let m(o) = -o**3 - 24*o**2 - 47*o + 20. Calculate m(-22).
86
Let o(v) = 2953*v - 23617. Calculate o(8).
7
Let d(f) = 15*f**2 + 564*f + 861. What is d(-36)?
-3
Let d(m) = -m**3 + 10*m**2 - m - 150. Give d(7).
-10
Let t(m) = m**2 + 73*m + 1023. Give t(-20).
-37
Let u(b) = b**2 + 7*b - 5. Calculate u(11).
193
Let h(i) = -10839*i - 205946. What is h(-19)?
-5
Let g(f) = -f**2 - 6*f + 648. Give g(-29).
-19
Let t(n) = 72*n + 1172. Determine t(-17).
-52
Let x(k) = -k**3 - 12*k**2 + 74*k + 74. What is x(-16)?
-86
Let s(t) = -12*t**2 + 7*t - 4. Calculate s(1).
-9
Let z(i) = -156*i + 5583. Give z(35).
123
Let r(n) = 50*n + 243. What is r(-8)?
-157
Let o(g) = -g**3 + 8*g**2 + 36*g - 27. Calculate o(11).
6
Let p(y) = 85*y + 138. Give p(-1).
53
Let r(b) = 90*b + 367. Calculate r(-4).
7
Let q(y) = -3*y**3 + 76*y**2 + 222*y + 50. Give q(28).
-6
Let b(c) = 10*c**2 - 57*c + 6. Give b(6).
24
Let z(s) = -20*s - 1620. Calculate z(-78).
-60
Let l(b) = -1710*b + 6856. What is l(4)?
16
Let a(p) = p**3 - 8*p**2 + 32*p - 4. Give a(5).
81
Let j(g) = -1625*g - 1606. What is j(-1)?
19
Let h(f) = -2*f**2 + 12*f - 6. Give h(5).
4
Let v(o) = 8*o**2 + 1124*o - 1681. What is v(-142)?
23
Let u(y) = -y**3 - 18*y**2 - 38*y - 2175. What is u(-21)?
-54
Let d(c) = 2*c**2 + 3*c - 39. Calculate d(-5).
-4
Let y(q) = q**3 - 35*q**2 + 178*q - 50. Calculate y(29).
66
Let b(n) = 325*n - 19852. Give b(61).
-27
Let b(r) = -r**3 + 21*r**2 + 38*r - 216. Give b(22).
136
Let y(d) = 105*d + 14284. Calculate y(-136).
4
Let y(l) = -96*l**2 - 449*l + 132. Give y(-5).
-23
Let u(l) = 43*l**2 - 947*l + 97. Determine u(22).
75
Let o(g) = -g**2 + 67*g - 672. Give o(12).
-12
Let c(m) = -m**2 - 52*m - 674. Determine c(-27).
1
Let b(f) = -2*f**3 + 132*f**2 - 126*f - 239. Calculate b(65).
21
Let b(c) = -c**2 - 18*c - 33. Determine b(-18).
-33
Let c(g) = 2*g**3 + 60*g**2 - 86*g + 1357. Calculate c(-32).
13
Let s(i) = i**3 - 53*i**2 - 162*i - 316. Calculate s(56).
20
Let z(l) = 3*l**3 + 35*l**2 - 46*l - 406. Calculate z(-12).
2
Let h(a) = -3473*a + 45139. What is h(13)?
-10
Let y(k) = -32*k**2 - 603*k - 26. Give y(-18).
460
Let t(y) = 56*y + 56. Give t(-2).
-56
Let r(g) = -2*g**3 + 153*g**2 - 83*g + 139. Determine r(76).
-393
Let c(s) = 65*s - 841. What is c(13)?
4
Let k(t) = -18*t - 415. Give k(-27).
71
Let p(s) = -2*s**3 + 26*s**2 - 43*s - 9. What is p(11)?
2
Let h(v) = -v**3 + 10*v**2 + 23*v + 7. Determine h(12).
-5
Let m(r) = r**3 - 3*r**2 - 13*r + 9. Give m(5).
-6
Let l(d) = 2*d**2 + 30*d + 61. Calculate l(-11).
-27
Let o(j) = j**3 - 46*j**2 + 76*j - 1405. What is o(45)?
-10
Let i(s) = 663*s - 5314. Calculate i(8).
-10
Let c(l) = -3*l**2 - 12*l - 16. Give c(-4).
-16
Let k(c) = -222*c - 4301. Calculate k(-19).
-83
Let s(f) = -5*f**3 + 64*f**2 + 11*f - 27. Determine s(13).
-53
Let q(o) = -185*o**2 - 2796*o - 308. Give q(-15).
7
Let a(l) = l**2 + 540*l - 2166. Determine a(4).
10
Let w(g) = -g**2 + 118*g - 661. Give w(6).
11
Let u(c) = 62*c - 874. Give u(14).
-6
Let g(h) = 6*h - 82. Calculate g(20).
38
Let f(j) = 2*j**2 + 40*j - 446. Determine f(8).
2
Let f(p) = p**2 - 4*p - 1286. Calculate f(-34).
6
Let d(c) = -78*c + 617. Calculate d(8).
-7
Let i(w) = -w**3 - 12*w**2 - 16*w + 24. Determine i(-10).
-16
Let u(n) = -3*n**2 + 106*n + 747. What is u(-6)?
3
Let s(l) = l**2 + 10*l - 24. Calculate s(-12).
0
Let b(r) = r**3 - 19*r**2 + 69*r - 132. Calculate b(15).
3
Let b(w) = -2*w**2 + 124*w + 823. Give b(-6).
7
Let l(p) = -p**3 - 14*p**2 - 53*p - 743. Calculate l(-14).
-1
Let f(k) = k**2 - 20*k + 20. Give f(15).
-55
Let u(y) = y**3 + 12*y**2 + 21*y + 149. Calculate u(-11).
39
Let t(g) = g**3 - 20*g**2 - 126*g + 37. What is t(25)?
12
Let h(j) = -1190*j + 2362. Give h(2).
-18
Let c(g) = -g**3 + 70*g**2 + 70*g + 63. Calculate c(71).
-8
Let r(q) = -4*q**2 + 58*q + 103. Calculate r(16).
7
Let k(b) = -b**2 - 138*b - 4719. Determine k(-63).
6
Let v(b) = -266*b - 537. Determine v(-2).
-5
Let s(w) = w**2 - 39*w + 300. Determine s(28).
-8
Let u(o) = -o**3 + 7*o**2 + 10*o - 2. Give u(-2).
14
Let j(r) = -r**3 + 50*r**2 - 100*r + 51. Give j(48).
-141
Let r(k) = -k**3 + 6*k**2 + 166*k + 34. What is r(-10)?
-26
Let v(f) = -9*f**3 + f**2 + 170*f + 341. Determine v(-2).
77
Let q(m) = 578*m + 70508. Determine q(-122).
-8
Let j(w) = -w**3 + 11*w**2 + 4*w - 55. Give j(9).
143
Let s(g) = -g**2 - 30*g + 358. Give s(9).
7
Let u(i) = -11*i + 329. What is u(10)?
219
Let v(l) = 224*l + 4023. Calculate v(-18).
-9
Let s(f) = -f**2 + 21*f - 105. Determine s(14).
-7
Let o(b) = 8*b**2 - 157*b + 33. Determine o(15).
-522
Let w(x) = -x**3 + 7*x**2 + 39*x + 17. Calculate w(-3).
-10
Let v(i) = -91*i**2 - 1099*i - 72. Determine v(-12).
12
Let o(f) = 1586*f + 3174. Determine o(-2).
2
Let d(f) = -28*f**2 - f - 28. Give d(-4).
-472
Let q(o) = -2*o**2 + 40*o - 302. Determine q(10).
-102
Let t(k) = 43*k + 50. Calculate t(20).
910
Let g(z) = z**2 - 501*z + 8127. Calculate g(17).
-101
Let n(m) = m**3 - 12*m**2 - 44*m - 44. What is n(15)?
-29
Let j(x) = 41*x + 50. Give j(-2).
-32
Let j(z) = -z**2 - 155*z - 2709. What is j(-20)?
-9
Let b(u) = 3*u**3 + 121*u**2 + 36*u - 162. Give b(-40).
-2
Let w(y) = -6*y**2 - 13*y + 119. Calculate w(-6).
-19
Let b(i) = -115*i + 4631. Determine b(41).
-84
Let t(b) = 155*b + 11462. What is t(-74)?
-8
Let b(s) = -s**3 + s**2 - 40*s + 263. Calculate b(5).
-37
Let b(j) = -j**2 - 146*j + 455. Determine b(3).
8
Let c(f) = -27*f - 82. Determine c(25).
-757
Let m(v) = 5*v**2 - 15*v - 5. Give m(-3).
85
Let o(a) = -15*a**3 - 4*a**2 - 29*a + 115. Give o(4).
-1025
Let x(y) = -6*y + 396. Give x(64).
12
Let u(i) = 356*i - 1. What is u(0)?
-1
Let x(z) = -230*z**3 + 13110*z**2 + 3*z - 165. Calculate x(57).
6
Let a(u) = 3*u**2 + 127*u + 203. Give a(-41).
39
Let z(v) = -165*v**3 + 3*v**2 + 11*v + 8. Give z(-1).
165
Let n(l) = -111*l - 497. What is n(-11)?
724
Let t(j) = 3*j**3 + 35*j**2 + 26*j + 31. Calculate t(-11).
-13
Let f(y) = -y**3 + 6*y**2 + 3*y + 68. Give f(8).
-36
Let o(t) = -48*t**2 - 2*t - 3. What is o(-1)?
-49
Let i(n) = -211*n + 5938. Determine i(28).
30
Let z(b) = 83*b - 232. Calculate z(3).
17
Let y(l) = 685*l - 17172. Determine y(25).
-47
Let k(c) = -30*c - 933. Calculate k(-35).
117
Let m(l) = -3*l**3 + 23*l**2 - 42*l + 8. Calculate m(5).
-2
Let k(o) = 10*o + 29. Determine k(37).
399
Let s(m) = m**2 - 62*m + 501. What is s(53)?
24
Let k(v) = 4*v**2 + 1703*v + 6746. What is k(-4)?
-2
Let l(d) = 330*d - 1594. What is l(6)?
386
Let z(d) = d**3 + 55*d**2 + 481*d - 130. Determine z(-44).
2
Let n(s) = 17*s - 68. What is n(11)?
119
Let h(b) = -b**3 - 10*b**2 + b + 5. Determine h(-10).
-5
Let t(k) = 3*k**3 - 417*k**2 + 4223*k + 122. Give t(128).
-6
Let b(o) = -o**3 - 4*o**2 + o - 8. What is b(-5)?
12
Let n(m) = m**2 - 29*m + 100. Give n(30).
130
Let b(i) = 26*i**2 + 20*i - 32. Give b(2).
112
Let w(i) = 2*i**2 - 94*i - 285. Calculate w(-3).
15
Let i(z) = -6*z**2 - 21*z - 91. Give i(-12).
-703
Let v(f) = -f**3 - 33*f**2 - 62*f - 2. Determine v(-2).
-2
Let i(y) = 3*y**2 - 101*y + 393. What is i(29)?
-13
Let k(a) = a**2 + 62*a + 629. Calculate k(-47).
-76
Let w(g) = -2*g**2 - 80*g - 768. Calculate w(-16).
0
Let a(d) = 58*d - 641. Give a(11).
-3
Let r(y) = 1936*y + 50335. Determine r(-26).
-1
Let m(a) = -a**3 + 21*a**2 + 3*a - 57. Calculate m(21).
6
Let l(k) = 45*k - 32. What is l(0)?
-32
Let d(z) = 2*z**3 + 27*z**2 + 10*z - 1